mainder when 5 is divided by (-3 + 50/h)/((-1)/(-7))?
1
Let s(g) = 15*g + 40. Let b(n) = 7*n + 5. Let z be b(13). Suppose 3*t + 5*j = 104, 4*t - t - 3*j = z. What is the remainder when s(6) is divided by t?
31
Suppose -4*f + 4 = 0, 0*f + 75 = 3*d - 3*f. Let q be (325/d)/((-2)/(-4)). Suppose -q = -3*n + 2. What is the remainder when n is divided by 2?
1
Suppose 49*w + 25 = 44*w. Let a(g) = 2*g**2 + 5*g - 7. Calculate the remainder when 33 is divided by a(w).
15
What is the remainder when ((-55)/(-220))/(2/(-16)) - (10 + -1449) is divided by 49?
16
Let i = 59 + -94. Let s = 60 + i. Let l = 1351 - 1280. Calculate the remainder when l is divided by s.
21
Let g = 3411 - 1491. Calculate the remainder when g is divided by 17.
16
Let y(n) = 18*n + 16. Let b = 24 + 25. Let i = -45 + b. What is the remainder when y(i) is divided by 31?
26
Suppose -b + 164 = -115. Suppose 141 = 5*r + 3*u - 156, 2*u - 179 = -3*r. What is the remainder when b is divided by r?
51
Suppose 4*z = -i + 8 - 19, -14 = i + z. Calculate the remainder when 40 + (-2)/((66/(-12))/11) is divided by (-3)/i + 124/5.
19
Let w(c) = 9*c**2 - 199*c + 45. What is the remainder when 86 is divided by w(22)?
17
Suppose 0 = -114*a + 71*a + 84839. Calculate the remainder when a is divided by 79.
77
Let j = -3357 + 3375. Calculate the remainder when 115 is divided by j.
7
Let d = -19995 + 35812. Calculate the remainder when d is divided by 10.
7
Suppose 3*f + 26 = -4*d, -5*d + 3*f - 36 = 5*f. Let w be 6*(d/60)/((-1)/5). Suppose w*a - 12 = -0. Calculate the remainder when 21 is divided by a.
0
Let a(u) = -u**2 + 20*u - 72. Calculate the remainder when 215 is divided by a(10).
19
Let q(r) = -8*r**2 + 23*r - 1. Let i be q(6). Let t = -69 - i. Calculate the remainder when t is divided by 21.
19
Suppose 203*p - 180*p - 391 = 0. What is the remainder when 28 is divided by p?
11
Let x(z) = -90*z + 1007. Calculate the remainder when 46 is divided by x(11).
12
Let i(c) = -c**2 + 58*c + 285. Calculate the remainder when 486 is divided by i(60).
156
Let z = -1073 - -1060. Let v(j) = -27*j - 310. Suppose 4*o = a + 4, -3*a - 3*o = -8*o - 16. What is the remainder when v(z) is divided by a?
5
Calculate the remainder when ((-28)/(-21))/(((-1)/(-981))/(8/12)) is divided by 287.
11
Let b = 352 + -153. What is the remainder when b is divided by (-29)/((-783)/300) - 110/99?
9
Suppose -5*n + 117 = -4*d, 3*n = -5*d + 30 + 18. Suppose -12*y - n = -993. Calculate the remainder when y is divided by 42.
39
Suppose 0 = 4*b - 2*g - 260, 17*b - 16*b + 5*g - 87 = 0. Calculate the remainder when 186 is divided by b.
52
Suppose 2408 = 2*l + 2*q, 6*l + 2*q = l + 6014. Suppose -9*a + 184 = -l. What is the remainder when a is divided by 39?
37
Let h(q) = -4*q**3 + 5*q**2 + 4*q + 3. Let z(u) = 2*u**2 - 19*u + 22. Suppose -6*g = -8*g + 30. Calculate the remainder when z(g) is divided by h(-2).
46
Suppose 7*q = j + 2*q - 31, 2*j - 53 = q. What is the remainder when 855 is divided by j?
23
Suppose -17*w - 16 = -16*w. Let t = -4 - w. Let j = 58 - 11. What is the remainder when j is divided by t?
11
Let w(k) = 17*k - 6. Let r be w(-3). Let q = r - -56. Let y(m) = -14*m + 4. What is the remainder when 33 is divided by y(q)?
15
Suppose 33*o - 2 = -497. Let y(i) = -3*i - 5. What is the remainder when (-10)/o*(4 - 182/(-4)) is divided by y(-4)?
5
Suppose -4*a - 1624 = -5*u, 2*u - 6*a = -a + 636. Suppose -308*y - 367*y + 766*y = 4277. What is the remainder when u is divided by y?
46
Let w be (-42)/(-9) - 3 - (-1)/3. Suppose 2*m - 22 = w. Calculate the remainder when 78 is divided by 3/2*328/m.
37
Let z(p) = 61*p**3. Let o(q) = -6*q**2 - 141*q + 97. Calculate the remainder when z(1) is divided by o(-24).
11
Let l(x) = -2*x**3 + 86*x**2 - 103*x + 823. Calculate the remainder when 895 is divided by l(42).
20
Let y(v) be the third derivative of -19*v**4/24 + 13*v**3/6 + 10*v**2. Calculate the remainder when y(-4) is divided by 13 + ((-129)/(-27) - (-8)/36).
17
Let c(f) = 50*f + 3757. Calculate the remainder when 15782 is divided by c(-75).
4
Let t(o) = -o**3 - 2*o**2 + 264*o - 42. What is the remainder when t(-18) is divided by 25?
15
Suppose -491*i = -488*i - 3*l - 1581, 0 = 3*i + l - 1577. Calculate the remainder when i is divided by 22.
20
Suppose -b = -5*b + 4*c - 228, 41 = -b - 3*c. Let f = 17 - b. Calculate the remainder when f is divided by 9.
7
Suppose -u - 3*l = -8013, -l = 5*u - 50494 + 10401. Calculate the remainder when u is divided by 42.
39
Let s = 187 - -118. Suppose 13*l - s = 111. What is the remainder when 127 is divided by l?
31
Let d(y) = y**3 - 16*y**2 - 11*y + 223. What is the remainder when d(16) is divided by 6?
5
Let y(b) = 67*b**2 + 114*b + 2. What is the remainder when 2478 is divided by y(-4)?
6
Suppose 5*i - 24 = -3*b + 42, -4*i + 54 = 2*b. Calculate the remainder when i is divided by 10.
5
Let n(t) = 73*t + 6. Let x = 44 + -41. Let r be n(x). Calculate the remainder when r/(-12)*16/(-6) is divided by 18.
14
Let c = -632 + 655. Let y(t) = 2*t**3 + 51*t**2 + 21*t - 46. What is the remainder when y(-25) is divided by c?
8
Suppose 0 = 22*a - 1182 - 716 + 776. Let x(t) = 10*t + 1. Calculate the remainder when a is divided by x(1).
7
Suppose 2787*y - 23 = 2777*y - 3. Calculate the remainder when 232 is divided by y.
0
Let s be 1/(-2) + 330/(-20). Let m = s - -10. What is the remainder when 34/(m/((-28)/8)) is divided by 5?
2
Suppose -6*i + 13 = -23. Calculate the remainder when 31 is divided by i + (6 - (5 + -6)).
5
Suppose 40*p = 6*p. Suppose -2*t = 3*l - 17, p*l + 41 = t - 5*l. Calculate the remainder when 207 is divided by t.
15
Suppose 5*z + 4805 = 3*y, y - 596 = 4*z + 1008. Suppose 19*v - y = -13*v. Calculate the remainder when 194 is divided by v.
44
Suppose -4*u + 2662 = -2*h, -20*h = -3*u - 16*h + 1989. Calculate the remainder when u is divided by 96.
91
Let m be 0 - 1/(1*(-3 + 4)). What is the remainder when 2/(m/((-568)/16)) is divided by 16?
7
Let y = -4395 - -8074. Calculate the remainder when y is divided by 38.
31
Let p = -115281 - -115318. Suppose -809 = -4*q + 215. What is the remainder when q is divided by p?
34
Suppose 20*f = 3*x + 23*f - 60, 5*f + 20 = 0. What is the remainder when 188 is divided by x?
20
Let i(m) = 13 + 9*m + 12*m + 8*m**2 - m**3 - 13*m + 0*m**2. Let c be i(9). Calculate the remainder when (-2184)/(-33) + c/(-22) is divided by 14.
10
Suppose -6*x + 96 - 15 = 3*d, 0 = -d - x + 22. Suppose -j + 6*j = 295. Calculate the remainder when j is divided by d.
8
Let q be (-58)/(-3)*1548/24. Suppose -5*s - 24*s = -q. What is the remainder when 427 is divided by s?
40
Suppose 358 = h - 4*o, 2*o = 2*h - 987 + 247. Suppose -15*u = 19*u - h. Calculate the remainder when u is divided by 3 + -2*(-1)/2.
3
Let b(m) = 107*m - 4867. What is the remainder when 1204 is divided by b(46)?
49
Suppose 17*p + 25*p + 1001 = 53*p. Calculate the remainder when 320 is divided by p.
47
Suppose 53 = 5*q + 3*f, -3*q + 5*f + 0 = -25. Let t be ((-63)/4)/(3/48). Let o = t - -279. What is the remainder when o is divided by q?
7
Let g = 1052 - 1044. Calculate the remainder when (-151)/(-9) - 12/(-54) is divided by g.
1
Suppose 4*s - 95 = -0*s - d, -5*d + 130 = 5*s. Let m(t) = 2*t**2 - 53*t + 218. Calculate the remainder when m(4) is divided by s.
15
Let d = -4 + 14. Let y = -881 - -881. Suppose y = 20*b - 23*b + 3*o + 174, 4*o = 0. What is the remainder when b is divided by d?
8
Let d(g) = 14 + 3 + g**2 + 0*g**2 + 18*g - 2*g**2. Let k be d(19). Calculate the remainder when k/((-39)/13 + (-206)/(-70)) is divided by 12.
11
Suppose -5*r + 39 = -4*r. Let g(w) = 31*w**2 + 9*w + 10. Calculate the remainder when g(-2) is divided by r.
38
Suppose 5*s = -3*t + 704, s - 104 = 4*t - 1058. Suppose -23*u + 4*u + 996 = 236. What is the remainder when t is divided by u?
38
Let b(g) = g**3 + 11*g**2 + 12*g + 5. Suppose -32*c + 153 = -31*c. Let i = 144 - c. What is the remainder when b(i) is divided by 20?
19
Suppose -42*t + 37*t + 1400 = 0. Calculate the remainder when 858 is divided by t.
18
Suppose 10*c + 36 = -14. Let u be (-16)/88 - (-123)/11. What is the remainder when (c - 7)*u/(-4) is divided by 17?
16
Suppose -3*m - 4*x - 1627 = 0, -575 = 2*m - 5*x + 479. Let a = 540 + m. What is the remainder when 28 is divided by a?
1
What is 